{"id":77950,"date":"2025-04-24T13:41:55","date_gmt":"2025-04-24T11:41:55","guid":{"rendered":"https:\/\/tierpark-bern.ch\/?page_id=77950"},"modified":"2025-05-16T15:17:30","modified_gmt":"2025-05-16T13:17:30","slug":"qr-5","status":"publish","type":"page","link":"https:\/\/tierpark-bern.ch\/fr\/seehund\/qr-5\/","title":{"rendered":"Caresse ma fourrure"},"content":{"rendered":"<div class=\"wpb-content-wrapper\"><p>[vc_row][vc_column][vc_column_text css=&#8221;&#8221;]<\/p>\n<h1 class=\"p1\">Caresse ma fourrure<\/h1>\n<p>[\/vc_column_text][vc_single_image image=&#8221;78036&#8243; css=&#8221;&#8221;][\/vc_column][\/vc_row][vc_row][vc_column][vc_column_text css=&#8221;&#8221;]<\/p>\n<p class=\"p1\">Peut-\u00eatre que tu ne l&#8217;as pas remarqu\u00e9, mais nous, les phoques, portons une fourrure. Avec 50\u00a0000\u00a0poils par centim\u00e8tre carr\u00e9, elle est tr\u00e8s dense.<\/p>\n<p>[\/vc_column_text][\/vc_column][\/vc_row][vc_row][vc_column][vc_column_text css=&#8221;&#8221;]<\/p>\n<h3 class=\"p1\"><b>Le d\u00e9fi: humidit\u00e9 et froid glacial<\/b><\/h3>\n<p class=\"p1\">Comme tous les mammif\u00e8res, je dois maintenir ma temp\u00e9rature corporelle \u00e0 37\u00a0\u00b0C environ. Sauf qu&#8217;autour de moi, les temp\u00e9ratures avoisinent souvent les 0 degr\u00e9s. En plus, dans l&#8217;eau, je me refroidis encore plus vite que sur terre.<\/p>\n<p>[\/vc_column_text][\/vc_column][\/vc_row][vc_row][vc_column][vc_column_text css=&#8221;&#8221;]<\/p>\n<h3 class=\"p1\"><b>Mon astuce: du lard et une \u00e9paisse fourrure<\/b><\/h3>\n<p class=\"p2\">Pour nous, les mammif\u00e8res marins, une couche de gras est une question de survie. Mon lard, comme on nomme cette couche, peut atteindre 8\u00a0cm d&#8217;\u00e9paisseur. Chez les plus grandes baleines, il peut m\u00eame atteindre 50\u00a0cm! Contrairement aux baleines et aux dauphins, je suis \u00e9galement \u00e9quip\u00e9 d&#8217;une fourrure constitu\u00e9e de poils imperm\u00e9ables courts. Elle prot\u00e8ge ma peau lorsque je rampe sur la terre.<\/p>\n<p>[\/vc_column_text][\/vc_column][\/vc_row][vc_row][vc_column][vc_column_text css=&#8221;&#8221;]<\/p>\n<h3 class=\"p1\"><b>Bien au chaud<\/b><\/h3>\n<p class=\"p1\">Ici, tu peux caresser une fourrure de phoque. Et m\u00eame observer ma couche de lard en-dessous.<\/p>\n<p>[\/vc_column_text][\/vc_column][\/vc_row][vc_row][vc_column][vc_column_text css=&#8221;&#8221;]<\/p>\n<h3 class=\"p1\"><b>Le savais-tu?<\/b><\/h3>\n<p class=\"p1\">Ma t\u00eate et mes nageoires sont d\u00e9pourvues de lard.<span class=\"Apple-converted-space\">\u00a0 <\/span>Afin de ne pas m&#8217;enrhumer quand je prends un bain de soleil dans les vagues, je garde les deux extr\u00e9mit\u00e9s de mon corps \u00e0 l&#8217;air libre. Les humains appellent cela la \u00abposition de la banane\u00bb.<\/p>\n<p>[\/vc_column_text][\/vc_column][\/vc_row]<\/p>\n<\/div>","protected":false},"excerpt":{"rendered":"<p>[vc_row][vc_column][vc_column_text css=&#8221;&#8221;] Caresse ma fourrure [\/vc_column_text][vc_single_image image=&#8221;78036&#8243; css=&#8221;&#8221;][\/vc_column][\/vc_row][vc_row][vc_column][vc_column_text css=&#8221;&#8221;] Peut-\u00eatre que tu ne l&#8217;as pas remarqu\u00e9, mais nous, les phoques, portons une fourrure. Avec 50\u00a0000\u00a0poils par centim\u00e8tre carr\u00e9, elle est tr\u00e8s dense. [\/vc_column_text][\/vc_column][\/vc_row][vc_row][vc_column][vc_column_text css=&#8221;&#8221;] Le d\u00e9fi: humidit\u00e9 et froid glacial Comme tous les mammif\u00e8res, je dois maintenir ma temp\u00e9rature corporelle \u00e0 37\u00a0\u00b0C environ. Sauf qu&#8217;autour [&hellip;]<\/p>\n","protected":false},"author":1,"featured_media":0,"parent":77885,"menu_order":0,"comment_status":"closed","ping_status":"closed","template":"bienenfresser-sub-page.php","meta":{"_acf_changed":false,"footnotes":""},"class_list":["post-77950","page","type-page","status-publish","hentry"],"acf":[],"yoast_head":"<title>Caresse ma fourrure | Tierpark Bern<\/title>\n<meta name=\"robots\" content=\"index, follow, max-snippet:-1, max-image-preview:large, max-video-preview:-1\" \/>\n<link rel=\"canonical\" href=\"https:\/\/tierpark-bern.ch\/fr\/seehund\/qr-5\/\" \/>\n<meta property=\"og:locale\" content=\"fr_FR\" \/>\n<meta property=\"og:type\" content=\"article\" \/>\n<meta property=\"og:title\" content=\"Caresse ma fourrure | Tierpark Bern\" \/>\n<meta property=\"og:description\" content=\"[vc_row][vc_column][vc_column_text css=&#8221;&#8221;] Caresse ma fourrure [\/vc_column_text][vc_single_image image=&#8221;78036&#8243; css=&#8221;&#8221;][\/vc_column][\/vc_row][vc_row][vc_column][vc_column_text css=&#8221;&#8221;] Peut-\u00eatre que tu ne l&#8217;as pas remarqu\u00e9, mais nous, les phoques, portons une fourrure. Avec 50\u00a0000\u00a0poils par centim\u00e8tre carr\u00e9, elle est tr\u00e8s dense. [\/vc_column_text][\/vc_column][\/vc_row][vc_row][vc_column][vc_column_text css=&#8221;&#8221;] Le d\u00e9fi: humidit\u00e9 et froid glacial Comme tous les mammif\u00e8res, je dois maintenir ma temp\u00e9rature corporelle \u00e0 37\u00a0\u00b0C environ. Sauf qu&#8217;autour [&hellip;]\" \/>\n<meta property=\"og:url\" content=\"https:\/\/tierpark-bern.ch\/fr\/seehund\/qr-5\/\" \/>\n<meta property=\"og:site_name\" content=\"Tierpark Bern\" \/>\n<meta property=\"article:publisher\" content=\"https:\/\/www.facebook.com\/tierparkbern\/\" \/>\n<meta property=\"article:modified_time\" content=\"2025-05-16T13:17:30+00:00\" \/>\n<script type=\"application\/ld+json\" class=\"yoast-schema-graph\">{\"@context\":\"https:\/\/schema.org\",\"@graph\":[{\"@type\":\"WebPage\",\"@id\":\"https:\/\/tierpark-bern.ch\/fr\/seehund\/qr-5\/\",\"url\":\"https:\/\/tierpark-bern.ch\/fr\/seehund\/qr-5\/\",\"name\":\"Caresse ma fourrure | Tierpark Bern\",\"isPartOf\":{\"@id\":\"https:\/\/tierpark-bern.ch\/fr\/#website\"},\"datePublished\":\"2025-04-24T11:41:55+00:00\",\"dateModified\":\"2025-05-16T13:17:30+00:00\",\"breadcrumb\":{\"@id\":\"https:\/\/tierpark-bern.ch\/fr\/seehund\/qr-5\/#breadcrumb\"},\"inLanguage\":\"fr-FR\",\"potentialAction\":[{\"@type\":\"ReadAction\",\"target\":[\"https:\/\/tierpark-bern.ch\/fr\/seehund\/qr-5\/\"]}]},{\"@type\":\"BreadcrumbList\",\"@id\":\"https:\/\/tierpark-bern.ch\/fr\/seehund\/qr-5\/#breadcrumb\",\"itemListElement\":[{\"@type\":\"ListItem\",\"position\":1,\"name\":\"Home\",\"item\":\"https:\/\/tierpark-bern.ch\/fr\/home\/\"},{\"@type\":\"ListItem\",\"position\":2,\"name\":\"Seehunde-Anlagebeschriftung\",\"item\":\"https:\/\/tierpark-bern.ch\/fr\/seehund\/\"},{\"@type\":\"ListItem\",\"position\":3,\"name\":\"Caresse ma fourrure\"}]},{\"@type\":\"WebSite\",\"@id\":\"https:\/\/tierpark-bern.ch\/fr\/#website\",\"url\":\"https:\/\/tierpark-bern.ch\/fr\/\",\"name\":\"Tierpark Bern\",\"description\":\"\",\"publisher\":{\"@id\":\"https:\/\/tierpark-bern.ch\/fr\/#organization\"},\"potentialAction\":[{\"@type\":\"SearchAction\",\"target\":{\"@type\":\"EntryPoint\",\"urlTemplate\":\"https:\/\/tierpark-bern.ch\/fr\/?s={search_term_string}\"},\"query-input\":{\"@type\":\"PropertyValueSpecification\",\"valueRequired\":true,\"valueName\":\"search_term_string\"}}],\"inLanguage\":\"fr-FR\"},{\"@type\":\"Organization\",\"@id\":\"https:\/\/tierpark-bern.ch\/fr\/#organization\",\"name\":\"Tierpark Bern | D\u00e4hlh\u00f6lzli + B\u00e4renPark\",\"alternateName\":\"Tierpark Bern\",\"url\":\"https:\/\/tierpark-bern.ch\/fr\/\",\"logo\":{\"@type\":\"ImageObject\",\"inLanguage\":\"fr-FR\",\"@id\":\"https:\/\/tierpark-bern.ch\/fr\/#\/schema\/logo\/image\/\",\"url\":\"https:\/\/tierpark-bern.ch\/web\/app\/uploads\/2024\/04\/tierpark-bern-696x696-1.jpg\",\"contentUrl\":\"https:\/\/tierpark-bern.ch\/web\/app\/uploads\/2024\/04\/tierpark-bern-696x696-1.jpg\",\"width\":696,\"height\":696,\"caption\":\"Tierpark Bern | D\u00e4hlh\u00f6lzli + B\u00e4renPark\"},\"image\":{\"@id\":\"https:\/\/tierpark-bern.ch\/fr\/#\/schema\/logo\/image\/\"},\"sameAs\":[\"https:\/\/www.facebook.com\/tierparkbern\/\",\"https:\/\/x.com\/tierparkbern\",\"https:\/\/www.instagram.com\/tierparkbern\/\"]}]}<\/script>","yoast_head_json":{"title":"Caresse ma fourrure | Tierpark Bern","robots":{"index":"index","follow":"follow","max-snippet":"max-snippet:-1","max-image-preview":"max-image-preview:large","max-video-preview":"max-video-preview:-1"},"canonical":"https:\/\/tierpark-bern.ch\/fr\/seehund\/qr-5\/","og_locale":"fr_FR","og_type":"article","og_title":"Caresse ma fourrure | Tierpark Bern","og_description":"[vc_row][vc_column][vc_column_text css=&#8221;&#8221;] Caresse ma fourrure [\/vc_column_text][vc_single_image image=&#8221;78036&#8243; css=&#8221;&#8221;][\/vc_column][\/vc_row][vc_row][vc_column][vc_column_text css=&#8221;&#8221;] Peut-\u00eatre que tu ne l&#8217;as pas remarqu\u00e9, mais nous, les phoques, portons une fourrure. Avec 50\u00a0000\u00a0poils par centim\u00e8tre carr\u00e9, elle est tr\u00e8s dense. [\/vc_column_text][\/vc_column][\/vc_row][vc_row][vc_column][vc_column_text css=&#8221;&#8221;] Le d\u00e9fi: humidit\u00e9 et froid glacial Comme tous les mammif\u00e8res, je dois maintenir ma temp\u00e9rature corporelle \u00e0 37\u00a0\u00b0C environ. Sauf qu&#8217;autour [&hellip;]","og_url":"https:\/\/tierpark-bern.ch\/fr\/seehund\/qr-5\/","og_site_name":"Tierpark Bern","article_publisher":"https:\/\/www.facebook.com\/tierparkbern\/","article_modified_time":"2025-05-16T13:17:30+00:00","schema":{"@context":"https:\/\/schema.org","@graph":[{"@type":"WebPage","@id":"https:\/\/tierpark-bern.ch\/fr\/seehund\/qr-5\/","url":"https:\/\/tierpark-bern.ch\/fr\/seehund\/qr-5\/","name":"Caresse ma fourrure | Tierpark Bern","isPartOf":{"@id":"https:\/\/tierpark-bern.ch\/fr\/#website"},"datePublished":"2025-04-24T11:41:55+00:00","dateModified":"2025-05-16T13:17:30+00:00","breadcrumb":{"@id":"https:\/\/tierpark-bern.ch\/fr\/seehund\/qr-5\/#breadcrumb"},"inLanguage":"fr-FR","potentialAction":[{"@type":"ReadAction","target":["https:\/\/tierpark-bern.ch\/fr\/seehund\/qr-5\/"]}]},{"@type":"BreadcrumbList","@id":"https:\/\/tierpark-bern.ch\/fr\/seehund\/qr-5\/#breadcrumb","itemListElement":[{"@type":"ListItem","position":1,"name":"Home","item":"https:\/\/tierpark-bern.ch\/fr\/home\/"},{"@type":"ListItem","position":2,"name":"Seehunde-Anlagebeschriftung","item":"https:\/\/tierpark-bern.ch\/fr\/seehund\/"},{"@type":"ListItem","position":3,"name":"Caresse ma fourrure"}]},{"@type":"WebSite","@id":"https:\/\/tierpark-bern.ch\/fr\/#website","url":"https:\/\/tierpark-bern.ch\/fr\/","name":"Tierpark Bern","description":"","publisher":{"@id":"https:\/\/tierpark-bern.ch\/fr\/#organization"},"potentialAction":[{"@type":"SearchAction","target":{"@type":"EntryPoint","urlTemplate":"https:\/\/tierpark-bern.ch\/fr\/?s={search_term_string}"},"query-input":{"@type":"PropertyValueSpecification","valueRequired":true,"valueName":"search_term_string"}}],"inLanguage":"fr-FR"},{"@type":"Organization","@id":"https:\/\/tierpark-bern.ch\/fr\/#organization","name":"Tierpark Bern | D\u00e4hlh\u00f6lzli + B\u00e4renPark","alternateName":"Tierpark Bern","url":"https:\/\/tierpark-bern.ch\/fr\/","logo":{"@type":"ImageObject","inLanguage":"fr-FR","@id":"https:\/\/tierpark-bern.ch\/fr\/#\/schema\/logo\/image\/","url":"https:\/\/tierpark-bern.ch\/web\/app\/uploads\/2024\/04\/tierpark-bern-696x696-1.jpg","contentUrl":"https:\/\/tierpark-bern.ch\/web\/app\/uploads\/2024\/04\/tierpark-bern-696x696-1.jpg","width":696,"height":696,"caption":"Tierpark Bern | D\u00e4hlh\u00f6lzli + B\u00e4renPark"},"image":{"@id":"https:\/\/tierpark-bern.ch\/fr\/#\/schema\/logo\/image\/"},"sameAs":["https:\/\/www.facebook.com\/tierparkbern\/","https:\/\/x.com\/tierparkbern","https:\/\/www.instagram.com\/tierparkbern\/"]}]}},"_links":{"self":[{"href":"https:\/\/tierpark-bern.ch\/fr\/wp-json\/wp\/v2\/pages\/77950","targetHints":{"allow":["GET"]}}],"collection":[{"href":"https:\/\/tierpark-bern.ch\/fr\/wp-json\/wp\/v2\/pages"}],"about":[{"href":"https:\/\/tierpark-bern.ch\/fr\/wp-json\/wp\/v2\/types\/page"}],"author":[{"embeddable":true,"href":"https:\/\/tierpark-bern.ch\/fr\/wp-json\/wp\/v2\/users\/1"}],"replies":[{"embeddable":true,"href":"https:\/\/tierpark-bern.ch\/fr\/wp-json\/wp\/v2\/comments?post=77950"}],"version-history":[{"count":0,"href":"https:\/\/tierpark-bern.ch\/fr\/wp-json\/wp\/v2\/pages\/77950\/revisions"}],"up":[{"embeddable":true,"href":"https:\/\/tierpark-bern.ch\/fr\/wp-json\/wp\/v2\/pages\/77885"}],"wp:attachment":[{"href":"https:\/\/tierpark-bern.ch\/fr\/wp-json\/wp\/v2\/media?parent=77950"}],"curies":[{"name":"wp","href":"https:\/\/api.w.org\/{rel}","templated":true}]}}

<div class="wpb-content-wrapper"><p>[vc_row][vc_column][vc_column_text css=&#8221;&#8221;]</p>
<h1 class="p1">Caresse ma fourrure</h1>
<p>[/vc_column_text][vc_single_image image=&#8221;78036&#8243; css=&#8221;&#8221;][/vc_column][/vc_row][vc_row][vc_column][vc_column_text css=&#8221;&#8221;]</p>
<p class="p1">Peut-être que tu ne l&#8217;as pas remarqué, mais nous, les phoques, portons une fourrure. Avec 50 000 poils par centimètre carré, elle est très dense.</p>
<p>[/vc_column_text][/vc_column][/vc_row][vc_row][vc_column][vc_column_text css=&#8221;&#8221;]</p>
<h3 class="p1"><b>Le défi: humidité et froid glacial</b></h3>
<p class="p1">Comme tous les mammifères, je dois maintenir ma température corporelle à 37 °C environ. Sauf qu&#8217;autour de moi, les températures avoisinent souvent les 0 degrés. En plus, dans l&#8217;eau, je me refroidis encore plus vite que sur terre.</p>
<p>[/vc_column_text][/vc_column][/vc_row][vc_row][vc_column][vc_column_text css=&#8221;&#8221;]</p>
<h3 class="p1"><b>Mon astuce: du lard et une épaisse fourrure</b></h3>
<p class="p2">Pour nous, les mammifères marins, une couche de gras est une question de survie. Mon lard, comme on nomme cette couche, peut atteindre 8 cm d&#8217;épaisseur. Chez les plus grandes baleines, il peut même atteindre 50 cm! Contrairement aux baleines et aux dauphins, je suis également équipé d&#8217;une fourrure constituée de poils imperméables courts. Elle protège ma peau lorsque je rampe sur la terre.</p>
<p>[/vc_column_text][/vc_column][/vc_row][vc_row][vc_column][vc_column_text css=&#8221;&#8221;]</p>
<h3 class="p1"><b>Bien au chaud</b></h3>
<p class="p1">Ici, tu peux caresser une fourrure de phoque. Et même observer ma couche de lard en-dessous.</p>
<p>[/vc_column_text][/vc_column][/vc_row][vc_row][vc_column][vc_column_text css=&#8221;&#8221;]</p>
<h3 class="p1"><b>Le savais-tu?</b></h3>
<p class="p1">Ma tête et mes nageoires sont dépourvues de lard.<span class="Apple-converted-space">  </span>Afin de ne pas m&#8217;enrhumer quand je prends un bain de soleil dans les vagues, je garde les deux extrémités de mon corps à l&#8217;air libre. Les humains appellent cela la «position de la banane».</p>
<p>[/vc_column_text][/vc_column][/vc_row]</p>
</div>

<p>[vc_row][vc_column][vc_column_text css=&#8221;&#8221;] Caresse ma fourrure [/vc_column_text][vc_single_image image=&#8221;78036&#8243; css=&#8221;&#8221;][/vc_column][/vc_row][vc_row][vc_column][vc_column_text css=&#8221;&#8221;] Peut-être que tu ne l&#8217;as pas remarqué, mais nous, les phoques, portons une fourrure. Avec 50 000 poils par centimètre carré, elle est très dense. [/vc_column_text][/vc_column][/vc_row][vc_row][vc_column][vc_column_text css=&#8221;&#8221;] Le défi: humidité et froid glacial Comme tous les mammifères, je dois maintenir ma température corporelle à 37 °C environ. Sauf qu&#8217;autour [&hellip;]</p>

<title>Caresse ma fourrure | Tierpark Bern</title>
<meta name="robots" content="index, follow, max-snippet:-1, max-image-preview:large, max-video-preview:-1" />
<link rel="canonical" href="https://tierpark-bern.ch/fr/seehund/qr-5/" />
<meta property="og:locale" content="fr_FR" />
<meta property="og:type" content="article" />
<meta property="og:title" content="Caresse ma fourrure | Tierpark Bern" />
<meta property="og:description" content="[vc_row][vc_column][vc_column_text css=&#8221;&#8221;] Caresse ma fourrure [/vc_column_text][vc_single_image image=&#8221;78036&#8243; css=&#8221;&#8221;][/vc_column][/vc_row][vc_row][vc_column][vc_column_text css=&#8221;&#8221;] Peut-être que tu ne l&#8217;as pas remarqué, mais nous, les phoques, portons une fourrure. Avec 50 000 poils par centimètre carré, elle est très dense. [/vc_column_text][/vc_column][/vc_row][vc_row][vc_column][vc_column_text css=&#8221;&#8221;] Le défi: humidité et froid glacial Comme tous les mammifères, je dois maintenir ma température corporelle à 37 °C environ. Sauf qu&#8217;autour [&hellip;]" />
<meta property="og:url" content="https://tierpark-bern.ch/fr/seehund/qr-5/" />
<meta property="og:site_name" content="Tierpark Bern" />
<meta property="article:publisher" content="https://www.facebook.com/tierparkbern/" />
<meta property="article:modified_time" content="2025-05-16T13:17:30+00:00" />
<script type="application/ld+json" class="yoast-schema-graph">{"@context":"https://schema.org","@graph":[{"@type":"WebPage","@id":"https://tierpark-bern.ch/fr/seehund/qr-5/","url":"https://tierpark-bern.ch/fr/seehund/qr-5/","name":"Caresse ma fourrure | Tierpark Bern","isPartOf":{"@id":"https://tierpark-bern.ch/fr/#website"},"datePublished":"2025-04-24T11:41:55+00:00","dateModified":"2025-05-16T13:17:30+00:00","breadcrumb":{"@id":"https://tierpark-bern.ch/fr/seehund/qr-5/#breadcrumb"},"inLanguage":"fr-FR","potentialAction":[{"@type":"ReadAction","target":["https://tierpark-bern.ch/fr/seehund/qr-5/"]}]},{"@type":"BreadcrumbList","@id":"https://tierpark-bern.ch/fr/seehund/qr-5/#breadcrumb","itemListElement":[{"@type":"ListItem","position":1,"name":"Home","item":"https://tierpark-bern.ch/fr/home/"},{"@type":"ListItem","position":2,"name":"Seehunde-Anlagebeschriftung","item":"https://tierpark-bern.ch/fr/seehund/"},{"@type":"ListItem","position":3,"name":"Caresse ma fourrure"}]},{"@type":"WebSite","@id":"https://tierpark-bern.ch/fr/#website","url":"https://tierpark-bern.ch/fr/","name":"Tierpark Bern","description":"","publisher":{"@id":"https://tierpark-bern.ch/fr/#organization"},"potentialAction":[{"@type":"SearchAction","target":{"@type":"EntryPoint","urlTemplate":"https://tierpark-bern.ch/fr/?s={search_term_string}"},"query-input":{"@type":"PropertyValueSpecification","valueRequired":true,"valueName":"search_term_string"}}],"inLanguage":"fr-FR"},{"@type":"Organization","@id":"https://tierpark-bern.ch/fr/#organization","name":"Tierpark Bern | Dählhölzli + BärenPark","alternateName":"Tierpark Bern","url":"https://tierpark-bern.ch/fr/","logo":{"@type":"ImageObject","inLanguage":"fr-FR","@id":"https://tierpark-bern.ch/fr/#/schema/logo/image/","url":"https://tierpark-bern.ch/web/app/uploads/2024/04/tierpark-bern-696x696-1.jpg","contentUrl":"https://tierpark-bern.ch/web/app/uploads/2024/04/tierpark-bern-696x696-1.jpg","width":696,"height":696,"caption":"Tierpark Bern | Dählhölzli + BärenPark"},"image":{"@id":"https://tierpark-bern.ch/fr/#/schema/logo/image/"},"sameAs":["https://www.facebook.com/tierparkbern/","https://x.com/tierparkbern","https://www.instagram.com/tierparkbern/"]}]}</script>

[vc_row][vc_column][vc_column_text css=&#8221;&#8221;] Caresse ma fourrure [/vc_column_text][vc_single_image image=&#8221;78036&#8243; css=&#8221;&#8221;][/vc_column][/vc_row][vc_row][vc_column][vc_column_text css=&#8221;&#8221;] Peut-être que tu ne l&#8217;as pas remarqué, mais nous, les phoques, portons une fourrure. Avec 50 000 poils par centimètre carré, elle est très dense. [/vc_column_text][/vc_column][/vc_row][vc_row][vc_column][vc_column_text css=&#8221;&#8221;] Le défi: humidité et froid glacial Comme tous les mammifères, je dois maintenir ma température corporelle à 37 °C environ. Sauf qu&#8217;autour [&hellip;]

Tierpark Bern | Dählhölzli + BärenPark
