{"id":77952,"date":"2025-04-24T13:43:11","date_gmt":"2025-04-24T11:43:11","guid":{"rendered":"https:\/\/tierpark-bern.ch\/?page_id=77952"},"modified":"2025-05-16T15:35:12","modified_gmt":"2025-05-16T13:35:12","slug":"qr-6","status":"publish","type":"page","link":"https:\/\/tierpark-bern.ch\/fr\/seehund\/qr-6\/","title":{"rendered":"Observe le monde \u00e0 travers mes yeux"},"content":{"rendered":"<div class=\"wpb-content-wrapper\"><p>[vc_row][vc_column][vc_column_text css=&#8221;&#8221;]<\/p>\n<h1 class=\"p1\">Observe le monde \u00e0 travers mes yeux<\/h1>\n<p>[\/vc_column_text][vc_single_image image=&#8221;78063&#8243; css=&#8221;&#8221;][\/vc_column][\/vc_row][vc_row][vc_column][vc_column_text css=&#8221;&#8221;]<\/p>\n<p class=\"p1\">Mes yeux sont tr\u00e8s sensibles. C&#8217;est important afin de me permettre de chasser m\u00eame dans l&#8217;obscurit\u00e9.<\/p>\n<p>[\/vc_column_text][\/vc_column][\/vc_row][vc_row][vc_column][vc_column_text css=&#8221;&#8221;]<\/p>\n<h3 class=\"p1\"><b>Le d\u00e9fi: voir dans l&#8217;eau et sur terre<\/b><\/h3>\n<p class=\"p1\">L&#8217;eau diffuse la lumi\u00e8re diff\u00e9remment de l&#8217;air. C&#8217;est pour cela que les distances et les formes sont souvent fauss\u00e9es sous l&#8217;eau. Seuls quelques animaux ont des yeux leur permettant de voir aussi bien au-dessus que sous la surface. Nous, les phoques, n&#8217;en faisons pas partie.<\/p>\n<p>[\/vc_column_text][\/vc_column][\/vc_row][vc_row][vc_column][vc_column_text css=&#8221;&#8221;]<\/p>\n<h3 class=\"p1\"><b>Mon astuce: des yeux en forme de lunettes de plong\u00e9e<\/b><\/h3>\n<p class=\"p1\">Pour moi, la vue sous l&#8217;eau est plus importante que la vue sur terre. C&#8217;est pourquoi mes yeux sont plus courts et plus sensibles \u00e0 la lumi\u00e8re que ceux des mammif\u00e8res terrestres. En plus, pour me prot\u00e9ger de l&#8217;eau sal\u00e9e, j&#8217;ai une corn\u00e9e \u00e9paisse et plate. Sur terre, je suis myope et tr\u00e8s sensible \u00e0 la lumi\u00e8re du soleil. Pour cette raison, mon enclos est \u00e9quip\u00e9 d&#8217;un auvent.<\/p>\n<p>[\/vc_column_text][\/vc_column][\/vc_row][vc_row][vc_column][vc_column_text css=&#8221;&#8221;]<\/p>\n<h3 class=\"p1\"><b>C&#8217;est net ou c&#8217;est flou?<\/b><\/h3>\n<p class=\"p1\">En regardant \u00e0 travers ce masque de plong\u00e9e, tu seras aussi myope que moi sur terre. En revanche, \u00e0 travers la fen\u00eatre sous-marine du vivarium, tu verras aussi nettement que moi quand je chasse sous l&#8217;eau.<\/p>\n<p>[\/vc_column_text][\/vc_column][\/vc_row][vc_row][vc_column][vc_column_text css=&#8221;&#8221;]<\/p>\n<h3 class=\"p1\"><b>Le savais-tu?<\/b><\/h3>\n<p class=\"p1\">Nous, les phoques, ne clignons pas des yeux r\u00e9guli\u00e8rement. Pour que nos yeux ne se dess\u00e8chent pas sur terre, nous produisons plus de fluide oculaire. C&#8217;est pour cette raison que nous avons des cernes noirs lorsque nous restons longtemps sur la plage.<\/p>\n<p>[\/vc_column_text][\/vc_column][\/vc_row][vc_row][vc_column][vc_column_text css=&#8221;&#8221;]<\/p>\n<h3 class=\"p1\">Le phoque raconte<\/h3>\n<audio class=\"wp-audio-shortcode\" id=\"audio-77952-1\" preload=\"none\" style=\"width: 100%;\" controls=\"controls\"><source type=\"audio\/mpeg\" src=\"https:\/\/tierpark-bern.ch\/web\/app\/uploads\/2025\/05\/FR_Modul-6-Sieh-die-Welt-mit-meinen-Augen_TZ04.mp3?_=1\" \/><a href=\"https:\/\/tierpark-bern.ch\/web\/app\/uploads\/2025\/05\/FR_Modul-6-Sieh-die-Welt-mit-meinen-Augen_TZ04.mp3\">https:\/\/tierpark-bern.ch\/web\/app\/uploads\/2025\/05\/FR_Modul-6-Sieh-die-Welt-mit-meinen-Augen_TZ04.mp3<\/a><\/audio>\n<p>[\/vc_column_text][\/vc_column][\/vc_row]<\/p>\n<\/div>","protected":false},"excerpt":{"rendered":"<p>[vc_row][vc_column][vc_column_text css=&#8221;&#8221;] Observe le monde \u00e0 travers mes yeux [\/vc_column_text][vc_single_image image=&#8221;78063&#8243; css=&#8221;&#8221;][\/vc_column][\/vc_row][vc_row][vc_column][vc_column_text css=&#8221;&#8221;] Mes yeux sont tr\u00e8s sensibles. C&#8217;est important afin de me permettre de chasser m\u00eame dans l&#8217;obscurit\u00e9. [\/vc_column_text][\/vc_column][\/vc_row][vc_row][vc_column][vc_column_text css=&#8221;&#8221;] Le d\u00e9fi: voir dans l&#8217;eau et sur terre L&#8217;eau diffuse la lumi\u00e8re diff\u00e9remment de l&#8217;air. C&#8217;est pour cela que les distances et les formes [&hellip;]<\/p>\n","protected":false},"author":1,"featured_media":0,"parent":77885,"menu_order":0,"comment_status":"closed","ping_status":"closed","template":"bienenfresser-sub-page.php","meta":{"_acf_changed":false,"footnotes":""},"class_list":["post-77952","page","type-page","status-publish","hentry"],"acf":[],"yoast_head":"<title>Observe le monde \u00e0 travers mes yeux | Tierpark Bern<\/title>\n<meta name=\"robots\" content=\"index, follow, max-snippet:-1, max-image-preview:large, max-video-preview:-1\" \/>\n<link rel=\"canonical\" href=\"https:\/\/tierpark-bern.ch\/fr\/seehund\/qr-6\/\" \/>\n<meta property=\"og:locale\" content=\"fr_FR\" \/>\n<meta property=\"og:type\" content=\"article\" \/>\n<meta property=\"og:title\" content=\"Observe le monde \u00e0 travers mes yeux | Tierpark Bern\" \/>\n<meta property=\"og:description\" content=\"[vc_row][vc_column][vc_column_text css=&#8221;&#8221;] Observe le monde \u00e0 travers mes yeux [\/vc_column_text][vc_single_image image=&#8221;78063&#8243; css=&#8221;&#8221;][\/vc_column][\/vc_row][vc_row][vc_column][vc_column_text css=&#8221;&#8221;] Mes yeux sont tr\u00e8s sensibles. C&#8217;est important afin de me permettre de chasser m\u00eame dans l&#8217;obscurit\u00e9. [\/vc_column_text][\/vc_column][\/vc_row][vc_row][vc_column][vc_column_text css=&#8221;&#8221;] Le d\u00e9fi: voir dans l&#8217;eau et sur terre L&#8217;eau diffuse la lumi\u00e8re diff\u00e9remment de l&#8217;air. C&#8217;est pour cela que les distances et les formes [&hellip;]\" \/>\n<meta property=\"og:url\" content=\"https:\/\/tierpark-bern.ch\/fr\/seehund\/qr-6\/\" \/>\n<meta property=\"og:site_name\" content=\"Tierpark Bern\" \/>\n<meta property=\"article:publisher\" content=\"https:\/\/www.facebook.com\/tierparkbern\/\" \/>\n<meta property=\"article:modified_time\" content=\"2025-05-16T13:35:12+00:00\" \/>\n<script type=\"application\/ld+json\" class=\"yoast-schema-graph\">{\"@context\":\"https:\/\/schema.org\",\"@graph\":[{\"@type\":\"WebPage\",\"@id\":\"https:\/\/tierpark-bern.ch\/fr\/seehund\/qr-6\/\",\"url\":\"https:\/\/tierpark-bern.ch\/fr\/seehund\/qr-6\/\",\"name\":\"Observe le monde \u00e0 travers mes yeux | Tierpark Bern\",\"isPartOf\":{\"@id\":\"https:\/\/tierpark-bern.ch\/fr\/#website\"},\"datePublished\":\"2025-04-24T11:43:11+00:00\",\"dateModified\":\"2025-05-16T13:35:12+00:00\",\"breadcrumb\":{\"@id\":\"https:\/\/tierpark-bern.ch\/fr\/seehund\/qr-6\/#breadcrumb\"},\"inLanguage\":\"fr-FR\",\"potentialAction\":[{\"@type\":\"ReadAction\",\"target\":[\"https:\/\/tierpark-bern.ch\/fr\/seehund\/qr-6\/\"]}]},{\"@type\":\"BreadcrumbList\",\"@id\":\"https:\/\/tierpark-bern.ch\/fr\/seehund\/qr-6\/#breadcrumb\",\"itemListElement\":[{\"@type\":\"ListItem\",\"position\":1,\"name\":\"Home\",\"item\":\"https:\/\/tierpark-bern.ch\/fr\/home\/\"},{\"@type\":\"ListItem\",\"position\":2,\"name\":\"Seehunde-Anlagebeschriftung\",\"item\":\"https:\/\/tierpark-bern.ch\/fr\/seehund\/\"},{\"@type\":\"ListItem\",\"position\":3,\"name\":\"Observe le monde \u00e0 travers mes yeux\"}]},{\"@type\":\"WebSite\",\"@id\":\"https:\/\/tierpark-bern.ch\/fr\/#website\",\"url\":\"https:\/\/tierpark-bern.ch\/fr\/\",\"name\":\"Tierpark Bern\",\"description\":\"\",\"publisher\":{\"@id\":\"https:\/\/tierpark-bern.ch\/fr\/#organization\"},\"potentialAction\":[{\"@type\":\"SearchAction\",\"target\":{\"@type\":\"EntryPoint\",\"urlTemplate\":\"https:\/\/tierpark-bern.ch\/fr\/?s={search_term_string}\"},\"query-input\":{\"@type\":\"PropertyValueSpecification\",\"valueRequired\":true,\"valueName\":\"search_term_string\"}}],\"inLanguage\":\"fr-FR\"},{\"@type\":\"Organization\",\"@id\":\"https:\/\/tierpark-bern.ch\/fr\/#organization\",\"name\":\"Tierpark Bern | D\u00e4hlh\u00f6lzli + B\u00e4renPark\",\"alternateName\":\"Tierpark Bern\",\"url\":\"https:\/\/tierpark-bern.ch\/fr\/\",\"logo\":{\"@type\":\"ImageObject\",\"inLanguage\":\"fr-FR\",\"@id\":\"https:\/\/tierpark-bern.ch\/fr\/#\/schema\/logo\/image\/\",\"url\":\"https:\/\/tierpark-bern.ch\/web\/app\/uploads\/2024\/04\/tierpark-bern-696x696-1.jpg\",\"contentUrl\":\"https:\/\/tierpark-bern.ch\/web\/app\/uploads\/2024\/04\/tierpark-bern-696x696-1.jpg\",\"width\":696,\"height\":696,\"caption\":\"Tierpark Bern | D\u00e4hlh\u00f6lzli + B\u00e4renPark\"},\"image\":{\"@id\":\"https:\/\/tierpark-bern.ch\/fr\/#\/schema\/logo\/image\/\"},\"sameAs\":[\"https:\/\/www.facebook.com\/tierparkbern\/\",\"https:\/\/x.com\/tierparkbern\",\"https:\/\/www.instagram.com\/tierparkbern\/\"]}]}<\/script>","yoast_head_json":{"title":"Observe le monde \u00e0 travers mes yeux | Tierpark Bern","robots":{"index":"index","follow":"follow","max-snippet":"max-snippet:-1","max-image-preview":"max-image-preview:large","max-video-preview":"max-video-preview:-1"},"canonical":"https:\/\/tierpark-bern.ch\/fr\/seehund\/qr-6\/","og_locale":"fr_FR","og_type":"article","og_title":"Observe le monde \u00e0 travers mes yeux | Tierpark Bern","og_description":"[vc_row][vc_column][vc_column_text css=&#8221;&#8221;] Observe le monde \u00e0 travers mes yeux [\/vc_column_text][vc_single_image image=&#8221;78063&#8243; css=&#8221;&#8221;][\/vc_column][\/vc_row][vc_row][vc_column][vc_column_text css=&#8221;&#8221;] Mes yeux sont tr\u00e8s sensibles. C&#8217;est important afin de me permettre de chasser m\u00eame dans l&#8217;obscurit\u00e9. [\/vc_column_text][\/vc_column][\/vc_row][vc_row][vc_column][vc_column_text css=&#8221;&#8221;] Le d\u00e9fi: voir dans l&#8217;eau et sur terre L&#8217;eau diffuse la lumi\u00e8re diff\u00e9remment de l&#8217;air. C&#8217;est pour cela que les distances et les formes [&hellip;]","og_url":"https:\/\/tierpark-bern.ch\/fr\/seehund\/qr-6\/","og_site_name":"Tierpark Bern","article_publisher":"https:\/\/www.facebook.com\/tierparkbern\/","article_modified_time":"2025-05-16T13:35:12+00:00","schema":{"@context":"https:\/\/schema.org","@graph":[{"@type":"WebPage","@id":"https:\/\/tierpark-bern.ch\/fr\/seehund\/qr-6\/","url":"https:\/\/tierpark-bern.ch\/fr\/seehund\/qr-6\/","name":"Observe le monde \u00e0 travers mes yeux | Tierpark Bern","isPartOf":{"@id":"https:\/\/tierpark-bern.ch\/fr\/#website"},"datePublished":"2025-04-24T11:43:11+00:00","dateModified":"2025-05-16T13:35:12+00:00","breadcrumb":{"@id":"https:\/\/tierpark-bern.ch\/fr\/seehund\/qr-6\/#breadcrumb"},"inLanguage":"fr-FR","potentialAction":[{"@type":"ReadAction","target":["https:\/\/tierpark-bern.ch\/fr\/seehund\/qr-6\/"]}]},{"@type":"BreadcrumbList","@id":"https:\/\/tierpark-bern.ch\/fr\/seehund\/qr-6\/#breadcrumb","itemListElement":[{"@type":"ListItem","position":1,"name":"Home","item":"https:\/\/tierpark-bern.ch\/fr\/home\/"},{"@type":"ListItem","position":2,"name":"Seehunde-Anlagebeschriftung","item":"https:\/\/tierpark-bern.ch\/fr\/seehund\/"},{"@type":"ListItem","position":3,"name":"Observe le monde \u00e0 travers mes yeux"}]},{"@type":"WebSite","@id":"https:\/\/tierpark-bern.ch\/fr\/#website","url":"https:\/\/tierpark-bern.ch\/fr\/","name":"Tierpark Bern","description":"","publisher":{"@id":"https:\/\/tierpark-bern.ch\/fr\/#organization"},"potentialAction":[{"@type":"SearchAction","target":{"@type":"EntryPoint","urlTemplate":"https:\/\/tierpark-bern.ch\/fr\/?s={search_term_string}"},"query-input":{"@type":"PropertyValueSpecification","valueRequired":true,"valueName":"search_term_string"}}],"inLanguage":"fr-FR"},{"@type":"Organization","@id":"https:\/\/tierpark-bern.ch\/fr\/#organization","name":"Tierpark Bern | D\u00e4hlh\u00f6lzli + B\u00e4renPark","alternateName":"Tierpark Bern","url":"https:\/\/tierpark-bern.ch\/fr\/","logo":{"@type":"ImageObject","inLanguage":"fr-FR","@id":"https:\/\/tierpark-bern.ch\/fr\/#\/schema\/logo\/image\/","url":"https:\/\/tierpark-bern.ch\/web\/app\/uploads\/2024\/04\/tierpark-bern-696x696-1.jpg","contentUrl":"https:\/\/tierpark-bern.ch\/web\/app\/uploads\/2024\/04\/tierpark-bern-696x696-1.jpg","width":696,"height":696,"caption":"Tierpark Bern | D\u00e4hlh\u00f6lzli + B\u00e4renPark"},"image":{"@id":"https:\/\/tierpark-bern.ch\/fr\/#\/schema\/logo\/image\/"},"sameAs":["https:\/\/www.facebook.com\/tierparkbern\/","https:\/\/x.com\/tierparkbern","https:\/\/www.instagram.com\/tierparkbern\/"]}]}},"_links":{"self":[{"href":"https:\/\/tierpark-bern.ch\/fr\/wp-json\/wp\/v2\/pages\/77952","targetHints":{"allow":["GET"]}}],"collection":[{"href":"https:\/\/tierpark-bern.ch\/fr\/wp-json\/wp\/v2\/pages"}],"about":[{"href":"https:\/\/tierpark-bern.ch\/fr\/wp-json\/wp\/v2\/types\/page"}],"author":[{"embeddable":true,"href":"https:\/\/tierpark-bern.ch\/fr\/wp-json\/wp\/v2\/users\/1"}],"replies":[{"embeddable":true,"href":"https:\/\/tierpark-bern.ch\/fr\/wp-json\/wp\/v2\/comments?post=77952"}],"version-history":[{"count":0,"href":"https:\/\/tierpark-bern.ch\/fr\/wp-json\/wp\/v2\/pages\/77952\/revisions"}],"up":[{"embeddable":true,"href":"https:\/\/tierpark-bern.ch\/fr\/wp-json\/wp\/v2\/pages\/77885"}],"wp:attachment":[{"href":"https:\/\/tierpark-bern.ch\/fr\/wp-json\/wp\/v2\/media?parent=77952"}],"curies":[{"name":"wp","href":"https:\/\/api.w.org\/{rel}","templated":true}]}}

Observe le monde à travers mes yeux

<div class="wpb-content-wrapper"><p>[vc_row][vc_column][vc_column_text css=&#8221;&#8221;]</p>
<h1 class="p1">Observe le monde à travers mes yeux</h1>
<p>[/vc_column_text][vc_single_image image=&#8221;78063&#8243; css=&#8221;&#8221;][/vc_column][/vc_row][vc_row][vc_column][vc_column_text css=&#8221;&#8221;]</p>
<p class="p1">Mes yeux sont très sensibles. C&#8217;est important afin de me permettre de chasser même dans l&#8217;obscurité.</p>
<p>[/vc_column_text][/vc_column][/vc_row][vc_row][vc_column][vc_column_text css=&#8221;&#8221;]</p>
<h3 class="p1"><b>Le défi: voir dans l&#8217;eau et sur terre</b></h3>
<p class="p1">L&#8217;eau diffuse la lumière différemment de l&#8217;air. C&#8217;est pour cela que les distances et les formes sont souvent faussées sous l&#8217;eau. Seuls quelques animaux ont des yeux leur permettant de voir aussi bien au-dessus que sous la surface. Nous, les phoques, n&#8217;en faisons pas partie.</p>
<p>[/vc_column_text][/vc_column][/vc_row][vc_row][vc_column][vc_column_text css=&#8221;&#8221;]</p>
<h3 class="p1"><b>Mon astuce: des yeux en forme de lunettes de plongée</b></h3>
<p class="p1">Pour moi, la vue sous l&#8217;eau est plus importante que la vue sur terre. C&#8217;est pourquoi mes yeux sont plus courts et plus sensibles à la lumière que ceux des mammifères terrestres. En plus, pour me protéger de l&#8217;eau salée, j&#8217;ai une cornée épaisse et plate. Sur terre, je suis myope et très sensible à la lumière du soleil. Pour cette raison, mon enclos est équipé d&#8217;un auvent.</p>
<p>[/vc_column_text][/vc_column][/vc_row][vc_row][vc_column][vc_column_text css=&#8221;&#8221;]</p>
<h3 class="p1"><b>C&#8217;est net ou c&#8217;est flou?</b></h3>
<p class="p1">En regardant à travers ce masque de plongée, tu seras aussi myope que moi sur terre. En revanche, à travers la fenêtre sous-marine du vivarium, tu verras aussi nettement que moi quand je chasse sous l&#8217;eau.</p>
<p>[/vc_column_text][/vc_column][/vc_row][vc_row][vc_column][vc_column_text css=&#8221;&#8221;]</p>
<h3 class="p1"><b>Le savais-tu?</b></h3>
<p class="p1">Nous, les phoques, ne clignons pas des yeux régulièrement. Pour que nos yeux ne se dessèchent pas sur terre, nous produisons plus de fluide oculaire. C&#8217;est pour cette raison que nous avons des cernes noirs lorsque nous restons longtemps sur la plage.</p>
<p>[/vc_column_text][/vc_column][/vc_row][vc_row][vc_column][vc_column_text css=&#8221;&#8221;]</p>
<h3 class="p1">Le phoque raconte</h3>
<audio class="wp-audio-shortcode" id="audio-77952-1" preload="none" style="width: 100%;" controls="controls"><source type="audio/mpeg" src="https://tierpark-bern.ch/web/app/uploads/2025/05/FR_Modul-6-Sieh-die-Welt-mit-meinen-Augen_TZ04.mp3?_=1" /><a href="https://tierpark-bern.ch/web/app/uploads/2025/05/FR_Modul-6-Sieh-die-Welt-mit-meinen-Augen_TZ04.mp3">https://tierpark-bern.ch/web/app/uploads/2025/05/FR_Modul-6-Sieh-die-Welt-mit-meinen-Augen_TZ04.mp3</a></audio>
<p>[/vc_column_text][/vc_column][/vc_row]</p>
</div>

<p>[vc_row][vc_column][vc_column_text css=&#8221;&#8221;] Observe le monde à travers mes yeux [/vc_column_text][vc_single_image image=&#8221;78063&#8243; css=&#8221;&#8221;][/vc_column][/vc_row][vc_row][vc_column][vc_column_text css=&#8221;&#8221;] Mes yeux sont très sensibles. C&#8217;est important afin de me permettre de chasser même dans l&#8217;obscurité. [/vc_column_text][/vc_column][/vc_row][vc_row][vc_column][vc_column_text css=&#8221;&#8221;] Le défi: voir dans l&#8217;eau et sur terre L&#8217;eau diffuse la lumière différemment de l&#8217;air. C&#8217;est pour cela que les distances et les formes [&hellip;]</p>

<title>Observe le monde à travers mes yeux | Tierpark Bern</title>
<meta name="robots" content="index, follow, max-snippet:-1, max-image-preview:large, max-video-preview:-1" />
<link rel="canonical" href="https://tierpark-bern.ch/fr/seehund/qr-6/" />
<meta property="og:locale" content="fr_FR" />
<meta property="og:type" content="article" />
<meta property="og:title" content="Observe le monde à travers mes yeux | Tierpark Bern" />
<meta property="og:description" content="[vc_row][vc_column][vc_column_text css=&#8221;&#8221;] Observe le monde à travers mes yeux [/vc_column_text][vc_single_image image=&#8221;78063&#8243; css=&#8221;&#8221;][/vc_column][/vc_row][vc_row][vc_column][vc_column_text css=&#8221;&#8221;] Mes yeux sont très sensibles. C&#8217;est important afin de me permettre de chasser même dans l&#8217;obscurité. [/vc_column_text][/vc_column][/vc_row][vc_row][vc_column][vc_column_text css=&#8221;&#8221;] Le défi: voir dans l&#8217;eau et sur terre L&#8217;eau diffuse la lumière différemment de l&#8217;air. C&#8217;est pour cela que les distances et les formes [&hellip;]" />
<meta property="og:url" content="https://tierpark-bern.ch/fr/seehund/qr-6/" />
<meta property="og:site_name" content="Tierpark Bern" />
<meta property="article:publisher" content="https://www.facebook.com/tierparkbern/" />
<meta property="article:modified_time" content="2025-05-16T13:35:12+00:00" />
<script type="application/ld+json" class="yoast-schema-graph">{"@context":"https://schema.org","@graph":[{"@type":"WebPage","@id":"https://tierpark-bern.ch/fr/seehund/qr-6/","url":"https://tierpark-bern.ch/fr/seehund/qr-6/","name":"Observe le monde à travers mes yeux | Tierpark Bern","isPartOf":{"@id":"https://tierpark-bern.ch/fr/#website"},"datePublished":"2025-04-24T11:43:11+00:00","dateModified":"2025-05-16T13:35:12+00:00","breadcrumb":{"@id":"https://tierpark-bern.ch/fr/seehund/qr-6/#breadcrumb"},"inLanguage":"fr-FR","potentialAction":[{"@type":"ReadAction","target":["https://tierpark-bern.ch/fr/seehund/qr-6/"]}]},{"@type":"BreadcrumbList","@id":"https://tierpark-bern.ch/fr/seehund/qr-6/#breadcrumb","itemListElement":[{"@type":"ListItem","position":1,"name":"Home","item":"https://tierpark-bern.ch/fr/home/"},{"@type":"ListItem","position":2,"name":"Seehunde-Anlagebeschriftung","item":"https://tierpark-bern.ch/fr/seehund/"},{"@type":"ListItem","position":3,"name":"Observe le monde à travers mes yeux"}]},{"@type":"WebSite","@id":"https://tierpark-bern.ch/fr/#website","url":"https://tierpark-bern.ch/fr/","name":"Tierpark Bern","description":"","publisher":{"@id":"https://tierpark-bern.ch/fr/#organization"},"potentialAction":[{"@type":"SearchAction","target":{"@type":"EntryPoint","urlTemplate":"https://tierpark-bern.ch/fr/?s={search_term_string}"},"query-input":{"@type":"PropertyValueSpecification","valueRequired":true,"valueName":"search_term_string"}}],"inLanguage":"fr-FR"},{"@type":"Organization","@id":"https://tierpark-bern.ch/fr/#organization","name":"Tierpark Bern | Dählhölzli + BärenPark","alternateName":"Tierpark Bern","url":"https://tierpark-bern.ch/fr/","logo":{"@type":"ImageObject","inLanguage":"fr-FR","@id":"https://tierpark-bern.ch/fr/#/schema/logo/image/","url":"https://tierpark-bern.ch/web/app/uploads/2024/04/tierpark-bern-696x696-1.jpg","contentUrl":"https://tierpark-bern.ch/web/app/uploads/2024/04/tierpark-bern-696x696-1.jpg","width":696,"height":696,"caption":"Tierpark Bern | Dählhölzli + BärenPark"},"image":{"@id":"https://tierpark-bern.ch/fr/#/schema/logo/image/"},"sameAs":["https://www.facebook.com/tierparkbern/","https://x.com/tierparkbern","https://www.instagram.com/tierparkbern/"]}]}</script>

Observe le monde à travers mes yeux | Tierpark Bern

[vc_row][vc_column][vc_column_text css=&#8221;&#8221;] Observe le monde à travers mes yeux [/vc_column_text][vc_single_image image=&#8221;78063&#8243; css=&#8221;&#8221;][/vc_column][/vc_row][vc_row][vc_column][vc_column_text css=&#8221;&#8221;] Mes yeux sont très sensibles. C&#8217;est important afin de me permettre de chasser même dans l&#8217;obscurité. [/vc_column_text][/vc_column][/vc_row][vc_row][vc_column][vc_column_text css=&#8221;&#8221;] Le défi: voir dans l&#8217;eau et sur terre L&#8217;eau diffuse la lumière différemment de l&#8217;air. C&#8217;est pour cela que les distances et les formes [&hellip;]

Tierpark Bern | Dählhölzli + BärenPark
