{"id":77954,"date":"2025-04-24T13:44:09","date_gmt":"2025-04-24T11:44:09","guid":{"rendered":"https:\/\/tierpark-bern.ch\/?page_id=77954"},"modified":"2025-05-16T15:35:52","modified_gmt":"2025-05-16T13:35:52","slug":"qr-7","status":"publish","type":"page","link":"https:\/\/tierpark-bern.ch\/fr\/seehund\/qr-7\/","title":{"rendered":"R\u00e9veille le phoque qui sommeille en toi"},"content":{"rendered":"<div class=\"wpb-content-wrapper\"><p>[vc_row][vc_column][vc_column_text css=&#8221;&#8221;]<\/p>\n<h1 class=\"p1\">R\u00e9veille le phoque qui sommeille en toi<\/h1>\n<p>[\/vc_column_text][vc_single_image image=&#8221;78048&#8243; css=&#8221;&#8221;][\/vc_column][\/vc_row][vc_row][vc_column][vc_column_text css=&#8221;&#8221;]<\/p>\n<p class=\"p1\">Nous, les phoques, naissons sur terre. Et pourtant, nous savons d\u00e9j\u00e0 nager. C&#8217;est indispensable, car apr\u00e8s tout, la mar\u00e9e monte et descend deux fois par jour.<\/p>\n<p>[\/vc_column_text][\/vc_column][\/vc_row][vc_row][vc_column][vc_column_text css=&#8221;&#8221;]<\/p>\n<h3 class=\"p1\"><b>Le d\u00e9fi: passer du lait au poisson<\/b><\/h3>\n<p class=\"p1\">\u00c0 la naissance, notre couche de lard est encore tr\u00e8s fine. Dans l&#8217;eau, nous refroidissons vite. C&#8217;est pourquoi nos m\u00e8res nous laissent sur des bancs de sable chauds ou des rochers expos\u00e9s au soleil. Plusieurs fois par jour, elles passent nous voir afin que nous puissions boire leur d\u00e9licieux lait tr\u00e8s riche en graisse. Gr\u00e2ce \u00e0 lui, nous sommes vite suffisamment grands et gras pour partir nous-m\u00eames \u00e0 la chasse. Mais qui abandonnerait une vie aussi agr\u00e9able de son plein gr\u00e9?<\/p>\n<p>[\/vc_column_text][\/vc_column][\/vc_row][vc_row][vc_column][vc_column_text css=&#8221;&#8221;]<\/p>\n<h3 class=\"p1\"><b>Mon astuce: un d\u00e9laissement sous le signe de l&#8217;amour<\/b><\/h3>\n<p class=\"p1\">D\u00e8s que nous avons atteint un poids suffisant pour nous d\u00e9fendre dans la vie, les visites de nos m\u00e8res s&#8217;espacent. Jusqu&#8217;\u00e0 ce qu&#8217;un jour, elles ne viennent plus du tout. C&#8217;est dur, mais n\u00e9cessaire. Sinon, nous ne serions jamais autonomes. T\u00f4t au tard, nous cessons de les appeler, nous osons nous aventurer en eaux profondes et nous plongeons seuls \u00e0 la recherche de poissons.<\/p>\n<p>[\/vc_column_text][\/vc_column][\/vc_row][vc_row][vc_column][vc_column_text css=&#8221;&#8221;]<\/p>\n<h3 class=\"p1\"><b>Trouve les jeunes<\/b><\/h3>\n<p class=\"p1\">Entre juillet et septembre, tu peux facilement distinguer les jeunes phoques de leurs a\u00een\u00e9s. Ensuite, c&#8217;est d\u00e9j\u00e0 plus difficile. Mais en faisant bien attention, tu peux voir que les \u00abados\u00bb sont plus actifs et jouent plus entre eux.<\/p>\n<p>[\/vc_column_text][\/vc_column][\/vc_row][vc_row][vc_column][vc_column_text css=&#8221;&#8221;]<\/p>\n<h3 class=\"p1\"><b>Le savais-tu?<\/b><\/h3>\n<p class=\"p1\">La plupart des autres phoques viennent au monde avec une fourrure de b\u00e9b\u00e9 toute douce, mais perm\u00e9able \u00e0 l&#8217;eau. Heureusement pour moi, j&#8217;ai troqu\u00e9 la mienne contre une fourrure \u00e9tanche alors que j&#8217;\u00e9tais encore dans le ventre de ma m\u00e8re.<\/p>\n<p>[\/vc_column_text][\/vc_column][\/vc_row][vc_row][vc_column][vc_column_text css=&#8221;&#8221;]<\/p>\n<h3 class=\"p1\">Le phoque raconte<\/h3>\n<audio class=\"wp-audio-shortcode\" id=\"audio-77954-1\" preload=\"none\" style=\"width: 100%;\" controls=\"controls\"><source type=\"audio\/mpeg\" src=\"https:\/\/tierpark-bern.ch\/web\/app\/uploads\/2025\/05\/FR_Modul-7-Heuler_TZ04.mp3?_=1\" \/><a href=\"https:\/\/tierpark-bern.ch\/web\/app\/uploads\/2025\/05\/FR_Modul-7-Heuler_TZ04.mp3\">https:\/\/tierpark-bern.ch\/web\/app\/uploads\/2025\/05\/FR_Modul-7-Heuler_TZ04.mp3<\/a><\/audio>\n<p>[\/vc_column_text][\/vc_column][\/vc_row]<\/p>\n<\/div>","protected":false},"excerpt":{"rendered":"<p>[vc_row][vc_column][vc_column_text css=&#8221;&#8221;] R\u00e9veille le phoque qui sommeille en toi [\/vc_column_text][vc_single_image image=&#8221;78048&#8243; css=&#8221;&#8221;][\/vc_column][\/vc_row][vc_row][vc_column][vc_column_text css=&#8221;&#8221;] Nous, les phoques, naissons sur terre. Et pourtant, nous savons d\u00e9j\u00e0 nager. C&#8217;est indispensable, car apr\u00e8s tout, la mar\u00e9e monte et descend deux fois par jour. [\/vc_column_text][\/vc_column][\/vc_row][vc_row][vc_column][vc_column_text css=&#8221;&#8221;] Le d\u00e9fi: passer du lait au poisson \u00c0 la naissance, notre couche de lard [&hellip;]<\/p>\n","protected":false},"author":1,"featured_media":0,"parent":77885,"menu_order":0,"comment_status":"closed","ping_status":"closed","template":"bienenfresser-sub-page.php","meta":{"_acf_changed":false,"footnotes":""},"class_list":["post-77954","page","type-page","status-publish","hentry"],"acf":[],"yoast_head":"<title>R\u00e9veille le phoque qui sommeille en toi | Tierpark Bern<\/title>\n<meta name=\"robots\" content=\"index, follow, max-snippet:-1, max-image-preview:large, max-video-preview:-1\" \/>\n<link rel=\"canonical\" href=\"https:\/\/tierpark-bern.ch\/fr\/seehund\/qr-7\/\" \/>\n<meta property=\"og:locale\" content=\"fr_FR\" \/>\n<meta property=\"og:type\" content=\"article\" \/>\n<meta property=\"og:title\" content=\"R\u00e9veille le phoque qui sommeille en toi | Tierpark Bern\" \/>\n<meta property=\"og:description\" content=\"[vc_row][vc_column][vc_column_text css=&#8221;&#8221;] R\u00e9veille le phoque qui sommeille en toi [\/vc_column_text][vc_single_image image=&#8221;78048&#8243; css=&#8221;&#8221;][\/vc_column][\/vc_row][vc_row][vc_column][vc_column_text css=&#8221;&#8221;] Nous, les phoques, naissons sur terre. Et pourtant, nous savons d\u00e9j\u00e0 nager. C&#8217;est indispensable, car apr\u00e8s tout, la mar\u00e9e monte et descend deux fois par jour. [\/vc_column_text][\/vc_column][\/vc_row][vc_row][vc_column][vc_column_text css=&#8221;&#8221;] Le d\u00e9fi: passer du lait au poisson \u00c0 la naissance, notre couche de lard [&hellip;]\" \/>\n<meta property=\"og:url\" content=\"https:\/\/tierpark-bern.ch\/fr\/seehund\/qr-7\/\" \/>\n<meta property=\"og:site_name\" content=\"Tierpark Bern\" \/>\n<meta property=\"article:publisher\" content=\"https:\/\/www.facebook.com\/tierparkbern\/\" \/>\n<meta property=\"article:modified_time\" content=\"2025-05-16T13:35:52+00:00\" \/>\n<script type=\"application\/ld+json\" class=\"yoast-schema-graph\">{\"@context\":\"https:\/\/schema.org\",\"@graph\":[{\"@type\":\"WebPage\",\"@id\":\"https:\/\/tierpark-bern.ch\/fr\/seehund\/qr-7\/\",\"url\":\"https:\/\/tierpark-bern.ch\/fr\/seehund\/qr-7\/\",\"name\":\"R\u00e9veille le phoque qui sommeille en toi | Tierpark Bern\",\"isPartOf\":{\"@id\":\"https:\/\/tierpark-bern.ch\/fr\/#website\"},\"datePublished\":\"2025-04-24T11:44:09+00:00\",\"dateModified\":\"2025-05-16T13:35:52+00:00\",\"breadcrumb\":{\"@id\":\"https:\/\/tierpark-bern.ch\/fr\/seehund\/qr-7\/#breadcrumb\"},\"inLanguage\":\"fr-FR\",\"potentialAction\":[{\"@type\":\"ReadAction\",\"target\":[\"https:\/\/tierpark-bern.ch\/fr\/seehund\/qr-7\/\"]}]},{\"@type\":\"BreadcrumbList\",\"@id\":\"https:\/\/tierpark-bern.ch\/fr\/seehund\/qr-7\/#breadcrumb\",\"itemListElement\":[{\"@type\":\"ListItem\",\"position\":1,\"name\":\"Home\",\"item\":\"https:\/\/tierpark-bern.ch\/fr\/home\/\"},{\"@type\":\"ListItem\",\"position\":2,\"name\":\"Seehunde-Anlagebeschriftung\",\"item\":\"https:\/\/tierpark-bern.ch\/fr\/seehund\/\"},{\"@type\":\"ListItem\",\"position\":3,\"name\":\"R\u00e9veille le phoque qui sommeille en toi\"}]},{\"@type\":\"WebSite\",\"@id\":\"https:\/\/tierpark-bern.ch\/fr\/#website\",\"url\":\"https:\/\/tierpark-bern.ch\/fr\/\",\"name\":\"Tierpark Bern\",\"description\":\"\",\"publisher\":{\"@id\":\"https:\/\/tierpark-bern.ch\/fr\/#organization\"},\"potentialAction\":[{\"@type\":\"SearchAction\",\"target\":{\"@type\":\"EntryPoint\",\"urlTemplate\":\"https:\/\/tierpark-bern.ch\/fr\/?s={search_term_string}\"},\"query-input\":{\"@type\":\"PropertyValueSpecification\",\"valueRequired\":true,\"valueName\":\"search_term_string\"}}],\"inLanguage\":\"fr-FR\"},{\"@type\":\"Organization\",\"@id\":\"https:\/\/tierpark-bern.ch\/fr\/#organization\",\"name\":\"Tierpark Bern | D\u00e4hlh\u00f6lzli + B\u00e4renPark\",\"alternateName\":\"Tierpark Bern\",\"url\":\"https:\/\/tierpark-bern.ch\/fr\/\",\"logo\":{\"@type\":\"ImageObject\",\"inLanguage\":\"fr-FR\",\"@id\":\"https:\/\/tierpark-bern.ch\/fr\/#\/schema\/logo\/image\/\",\"url\":\"https:\/\/tierpark-bern.ch\/web\/app\/uploads\/2024\/04\/tierpark-bern-696x696-1.jpg\",\"contentUrl\":\"https:\/\/tierpark-bern.ch\/web\/app\/uploads\/2024\/04\/tierpark-bern-696x696-1.jpg\",\"width\":696,\"height\":696,\"caption\":\"Tierpark Bern | D\u00e4hlh\u00f6lzli + B\u00e4renPark\"},\"image\":{\"@id\":\"https:\/\/tierpark-bern.ch\/fr\/#\/schema\/logo\/image\/\"},\"sameAs\":[\"https:\/\/www.facebook.com\/tierparkbern\/\",\"https:\/\/x.com\/tierparkbern\",\"https:\/\/www.instagram.com\/tierparkbern\/\"]}]}<\/script>","yoast_head_json":{"title":"R\u00e9veille le phoque qui sommeille en toi | Tierpark Bern","robots":{"index":"index","follow":"follow","max-snippet":"max-snippet:-1","max-image-preview":"max-image-preview:large","max-video-preview":"max-video-preview:-1"},"canonical":"https:\/\/tierpark-bern.ch\/fr\/seehund\/qr-7\/","og_locale":"fr_FR","og_type":"article","og_title":"R\u00e9veille le phoque qui sommeille en toi | Tierpark Bern","og_description":"[vc_row][vc_column][vc_column_text css=&#8221;&#8221;] R\u00e9veille le phoque qui sommeille en toi [\/vc_column_text][vc_single_image image=&#8221;78048&#8243; css=&#8221;&#8221;][\/vc_column][\/vc_row][vc_row][vc_column][vc_column_text css=&#8221;&#8221;] Nous, les phoques, naissons sur terre. Et pourtant, nous savons d\u00e9j\u00e0 nager. C&#8217;est indispensable, car apr\u00e8s tout, la mar\u00e9e monte et descend deux fois par jour. [\/vc_column_text][\/vc_column][\/vc_row][vc_row][vc_column][vc_column_text css=&#8221;&#8221;] Le d\u00e9fi: passer du lait au poisson \u00c0 la naissance, notre couche de lard [&hellip;]","og_url":"https:\/\/tierpark-bern.ch\/fr\/seehund\/qr-7\/","og_site_name":"Tierpark Bern","article_publisher":"https:\/\/www.facebook.com\/tierparkbern\/","article_modified_time":"2025-05-16T13:35:52+00:00","schema":{"@context":"https:\/\/schema.org","@graph":[{"@type":"WebPage","@id":"https:\/\/tierpark-bern.ch\/fr\/seehund\/qr-7\/","url":"https:\/\/tierpark-bern.ch\/fr\/seehund\/qr-7\/","name":"R\u00e9veille le phoque qui sommeille en toi | Tierpark Bern","isPartOf":{"@id":"https:\/\/tierpark-bern.ch\/fr\/#website"},"datePublished":"2025-04-24T11:44:09+00:00","dateModified":"2025-05-16T13:35:52+00:00","breadcrumb":{"@id":"https:\/\/tierpark-bern.ch\/fr\/seehund\/qr-7\/#breadcrumb"},"inLanguage":"fr-FR","potentialAction":[{"@type":"ReadAction","target":["https:\/\/tierpark-bern.ch\/fr\/seehund\/qr-7\/"]}]},{"@type":"BreadcrumbList","@id":"https:\/\/tierpark-bern.ch\/fr\/seehund\/qr-7\/#breadcrumb","itemListElement":[{"@type":"ListItem","position":1,"name":"Home","item":"https:\/\/tierpark-bern.ch\/fr\/home\/"},{"@type":"ListItem","position":2,"name":"Seehunde-Anlagebeschriftung","item":"https:\/\/tierpark-bern.ch\/fr\/seehund\/"},{"@type":"ListItem","position":3,"name":"R\u00e9veille le phoque qui sommeille en toi"}]},{"@type":"WebSite","@id":"https:\/\/tierpark-bern.ch\/fr\/#website","url":"https:\/\/tierpark-bern.ch\/fr\/","name":"Tierpark Bern","description":"","publisher":{"@id":"https:\/\/tierpark-bern.ch\/fr\/#organization"},"potentialAction":[{"@type":"SearchAction","target":{"@type":"EntryPoint","urlTemplate":"https:\/\/tierpark-bern.ch\/fr\/?s={search_term_string}"},"query-input":{"@type":"PropertyValueSpecification","valueRequired":true,"valueName":"search_term_string"}}],"inLanguage":"fr-FR"},{"@type":"Organization","@id":"https:\/\/tierpark-bern.ch\/fr\/#organization","name":"Tierpark Bern | D\u00e4hlh\u00f6lzli + B\u00e4renPark","alternateName":"Tierpark Bern","url":"https:\/\/tierpark-bern.ch\/fr\/","logo":{"@type":"ImageObject","inLanguage":"fr-FR","@id":"https:\/\/tierpark-bern.ch\/fr\/#\/schema\/logo\/image\/","url":"https:\/\/tierpark-bern.ch\/web\/app\/uploads\/2024\/04\/tierpark-bern-696x696-1.jpg","contentUrl":"https:\/\/tierpark-bern.ch\/web\/app\/uploads\/2024\/04\/tierpark-bern-696x696-1.jpg","width":696,"height":696,"caption":"Tierpark Bern | D\u00e4hlh\u00f6lzli + B\u00e4renPark"},"image":{"@id":"https:\/\/tierpark-bern.ch\/fr\/#\/schema\/logo\/image\/"},"sameAs":["https:\/\/www.facebook.com\/tierparkbern\/","https:\/\/x.com\/tierparkbern","https:\/\/www.instagram.com\/tierparkbern\/"]}]}},"_links":{"self":[{"href":"https:\/\/tierpark-bern.ch\/fr\/wp-json\/wp\/v2\/pages\/77954","targetHints":{"allow":["GET"]}}],"collection":[{"href":"https:\/\/tierpark-bern.ch\/fr\/wp-json\/wp\/v2\/pages"}],"about":[{"href":"https:\/\/tierpark-bern.ch\/fr\/wp-json\/wp\/v2\/types\/page"}],"author":[{"embeddable":true,"href":"https:\/\/tierpark-bern.ch\/fr\/wp-json\/wp\/v2\/users\/1"}],"replies":[{"embeddable":true,"href":"https:\/\/tierpark-bern.ch\/fr\/wp-json\/wp\/v2\/comments?post=77954"}],"version-history":[{"count":0,"href":"https:\/\/tierpark-bern.ch\/fr\/wp-json\/wp\/v2\/pages\/77954\/revisions"}],"up":[{"embeddable":true,"href":"https:\/\/tierpark-bern.ch\/fr\/wp-json\/wp\/v2\/pages\/77885"}],"wp:attachment":[{"href":"https:\/\/tierpark-bern.ch\/fr\/wp-json\/wp\/v2\/media?parent=77954"}],"curies":[{"name":"wp","href":"https:\/\/api.w.org\/{rel}","templated":true}]}}

Réveille le phoque qui sommeille en toi

<div class="wpb-content-wrapper"><p>[vc_row][vc_column][vc_column_text css=&#8221;&#8221;]</p>
<h1 class="p1">Réveille le phoque qui sommeille en toi</h1>
<p>[/vc_column_text][vc_single_image image=&#8221;78048&#8243; css=&#8221;&#8221;][/vc_column][/vc_row][vc_row][vc_column][vc_column_text css=&#8221;&#8221;]</p>
<p class="p1">Nous, les phoques, naissons sur terre. Et pourtant, nous savons déjà nager. C&#8217;est indispensable, car après tout, la marée monte et descend deux fois par jour.</p>
<p>[/vc_column_text][/vc_column][/vc_row][vc_row][vc_column][vc_column_text css=&#8221;&#8221;]</p>
<h3 class="p1"><b>Le défi: passer du lait au poisson</b></h3>
<p class="p1">À la naissance, notre couche de lard est encore très fine. Dans l&#8217;eau, nous refroidissons vite. C&#8217;est pourquoi nos mères nous laissent sur des bancs de sable chauds ou des rochers exposés au soleil. Plusieurs fois par jour, elles passent nous voir afin que nous puissions boire leur délicieux lait très riche en graisse. Grâce à lui, nous sommes vite suffisamment grands et gras pour partir nous-mêmes à la chasse. Mais qui abandonnerait une vie aussi agréable de son plein gré?</p>
<p>[/vc_column_text][/vc_column][/vc_row][vc_row][vc_column][vc_column_text css=&#8221;&#8221;]</p>
<h3 class="p1"><b>Mon astuce: un délaissement sous le signe de l&#8217;amour</b></h3>
<p class="p1">Dès que nous avons atteint un poids suffisant pour nous défendre dans la vie, les visites de nos mères s&#8217;espacent. Jusqu&#8217;à ce qu&#8217;un jour, elles ne viennent plus du tout. C&#8217;est dur, mais nécessaire. Sinon, nous ne serions jamais autonomes. Tôt au tard, nous cessons de les appeler, nous osons nous aventurer en eaux profondes et nous plongeons seuls à la recherche de poissons.</p>
<p>[/vc_column_text][/vc_column][/vc_row][vc_row][vc_column][vc_column_text css=&#8221;&#8221;]</p>
<h3 class="p1"><b>Trouve les jeunes</b></h3>
<p class="p1">Entre juillet et septembre, tu peux facilement distinguer les jeunes phoques de leurs aînés. Ensuite, c&#8217;est déjà plus difficile. Mais en faisant bien attention, tu peux voir que les «ados» sont plus actifs et jouent plus entre eux.</p>
<p>[/vc_column_text][/vc_column][/vc_row][vc_row][vc_column][vc_column_text css=&#8221;&#8221;]</p>
<h3 class="p1"><b>Le savais-tu?</b></h3>
<p class="p1">La plupart des autres phoques viennent au monde avec une fourrure de bébé toute douce, mais perméable à l&#8217;eau. Heureusement pour moi, j&#8217;ai troqué la mienne contre une fourrure étanche alors que j&#8217;étais encore dans le ventre de ma mère.</p>
<p>[/vc_column_text][/vc_column][/vc_row][vc_row][vc_column][vc_column_text css=&#8221;&#8221;]</p>
<h3 class="p1">Le phoque raconte</h3>
<audio class="wp-audio-shortcode" id="audio-77954-1" preload="none" style="width: 100%;" controls="controls"><source type="audio/mpeg" src="https://tierpark-bern.ch/web/app/uploads/2025/05/FR_Modul-7-Heuler_TZ04.mp3?_=1" /><a href="https://tierpark-bern.ch/web/app/uploads/2025/05/FR_Modul-7-Heuler_TZ04.mp3">https://tierpark-bern.ch/web/app/uploads/2025/05/FR_Modul-7-Heuler_TZ04.mp3</a></audio>
<p>[/vc_column_text][/vc_column][/vc_row]</p>
</div>

<p>[vc_row][vc_column][vc_column_text css=&#8221;&#8221;] Réveille le phoque qui sommeille en toi [/vc_column_text][vc_single_image image=&#8221;78048&#8243; css=&#8221;&#8221;][/vc_column][/vc_row][vc_row][vc_column][vc_column_text css=&#8221;&#8221;] Nous, les phoques, naissons sur terre. Et pourtant, nous savons déjà nager. C&#8217;est indispensable, car après tout, la marée monte et descend deux fois par jour. [/vc_column_text][/vc_column][/vc_row][vc_row][vc_column][vc_column_text css=&#8221;&#8221;] Le défi: passer du lait au poisson À la naissance, notre couche de lard [&hellip;]</p>

<title>Réveille le phoque qui sommeille en toi | Tierpark Bern</title>
<meta name="robots" content="index, follow, max-snippet:-1, max-image-preview:large, max-video-preview:-1" />
<link rel="canonical" href="https://tierpark-bern.ch/fr/seehund/qr-7/" />
<meta property="og:locale" content="fr_FR" />
<meta property="og:type" content="article" />
<meta property="og:title" content="Réveille le phoque qui sommeille en toi | Tierpark Bern" />
<meta property="og:description" content="[vc_row][vc_column][vc_column_text css=&#8221;&#8221;] Réveille le phoque qui sommeille en toi [/vc_column_text][vc_single_image image=&#8221;78048&#8243; css=&#8221;&#8221;][/vc_column][/vc_row][vc_row][vc_column][vc_column_text css=&#8221;&#8221;] Nous, les phoques, naissons sur terre. Et pourtant, nous savons déjà nager. C&#8217;est indispensable, car après tout, la marée monte et descend deux fois par jour. [/vc_column_text][/vc_column][/vc_row][vc_row][vc_column][vc_column_text css=&#8221;&#8221;] Le défi: passer du lait au poisson À la naissance, notre couche de lard [&hellip;]" />
<meta property="og:url" content="https://tierpark-bern.ch/fr/seehund/qr-7/" />
<meta property="og:site_name" content="Tierpark Bern" />
<meta property="article:publisher" content="https://www.facebook.com/tierparkbern/" />
<meta property="article:modified_time" content="2025-05-16T13:35:52+00:00" />
<script type="application/ld+json" class="yoast-schema-graph">{"@context":"https://schema.org","@graph":[{"@type":"WebPage","@id":"https://tierpark-bern.ch/fr/seehund/qr-7/","url":"https://tierpark-bern.ch/fr/seehund/qr-7/","name":"Réveille le phoque qui sommeille en toi | Tierpark Bern","isPartOf":{"@id":"https://tierpark-bern.ch/fr/#website"},"datePublished":"2025-04-24T11:44:09+00:00","dateModified":"2025-05-16T13:35:52+00:00","breadcrumb":{"@id":"https://tierpark-bern.ch/fr/seehund/qr-7/#breadcrumb"},"inLanguage":"fr-FR","potentialAction":[{"@type":"ReadAction","target":["https://tierpark-bern.ch/fr/seehund/qr-7/"]}]},{"@type":"BreadcrumbList","@id":"https://tierpark-bern.ch/fr/seehund/qr-7/#breadcrumb","itemListElement":[{"@type":"ListItem","position":1,"name":"Home","item":"https://tierpark-bern.ch/fr/home/"},{"@type":"ListItem","position":2,"name":"Seehunde-Anlagebeschriftung","item":"https://tierpark-bern.ch/fr/seehund/"},{"@type":"ListItem","position":3,"name":"Réveille le phoque qui sommeille en toi"}]},{"@type":"WebSite","@id":"https://tierpark-bern.ch/fr/#website","url":"https://tierpark-bern.ch/fr/","name":"Tierpark Bern","description":"","publisher":{"@id":"https://tierpark-bern.ch/fr/#organization"},"potentialAction":[{"@type":"SearchAction","target":{"@type":"EntryPoint","urlTemplate":"https://tierpark-bern.ch/fr/?s={search_term_string}"},"query-input":{"@type":"PropertyValueSpecification","valueRequired":true,"valueName":"search_term_string"}}],"inLanguage":"fr-FR"},{"@type":"Organization","@id":"https://tierpark-bern.ch/fr/#organization","name":"Tierpark Bern | Dählhölzli + BärenPark","alternateName":"Tierpark Bern","url":"https://tierpark-bern.ch/fr/","logo":{"@type":"ImageObject","inLanguage":"fr-FR","@id":"https://tierpark-bern.ch/fr/#/schema/logo/image/","url":"https://tierpark-bern.ch/web/app/uploads/2024/04/tierpark-bern-696x696-1.jpg","contentUrl":"https://tierpark-bern.ch/web/app/uploads/2024/04/tierpark-bern-696x696-1.jpg","width":696,"height":696,"caption":"Tierpark Bern | Dählhölzli + BärenPark"},"image":{"@id":"https://tierpark-bern.ch/fr/#/schema/logo/image/"},"sameAs":["https://www.facebook.com/tierparkbern/","https://x.com/tierparkbern","https://www.instagram.com/tierparkbern/"]}]}</script>

Réveille le phoque qui sommeille en toi | Tierpark Bern

[vc_row][vc_column][vc_column_text css=&#8221;&#8221;] Réveille le phoque qui sommeille en toi [/vc_column_text][vc_single_image image=&#8221;78048&#8243; css=&#8221;&#8221;][/vc_column][/vc_row][vc_row][vc_column][vc_column_text css=&#8221;&#8221;] Nous, les phoques, naissons sur terre. Et pourtant, nous savons déjà nager. C&#8217;est indispensable, car après tout, la marée monte et descend deux fois par jour. [/vc_column_text][/vc_column][/vc_row][vc_row][vc_column][vc_column_text css=&#8221;&#8221;] Le défi: passer du lait au poisson À la naissance, notre couche de lard [&hellip;]

Tierpark Bern | Dählhölzli + BärenPark
